hest common divisor of 50 and i.
10
Let w(f) = f + 12. Suppose 2*b = -19 + 3. Let z be w(b). Suppose 84 = z*q + 4. Calculate the greatest common divisor of 5 and q.
5
Let m(i) = 2*i**2 - i + 69. Suppose -8*o - 1 = 71. Let z be m(o). What is the greatest common factor of 30 and z?
30
Let t be (((-618)/(-10))/3)/((-4)/(-20)). Let j = t + -83. Calculate the highest common factor of 8 and j.
4
Let p(d) = -13 - 16*d**2 + 19*d**2 + 6*d**2 + 12*d - d**3. Let o be p(10). What is the greatest common factor of o and 14?
7
Let u = -6 - -6. Suppose u = z - 1, 6*s - s + 4*z = 734. Let k = -51 + s. What is the highest common divisor of k and 19?
19
Suppose 14*n - 15*n + 483 = 0. What is the greatest common divisor of n and 21?
21
Suppose 2*h - o - 4*o - 40 = 0, -4*h = -o - 44. Let a = 75 - h. Calculate the greatest common divisor of a and 5.
5
Let m = -8 + 183. Let z = -19 - -54. Calculate the highest common factor of m and z.
35
Let q(v) = -v**3 + 12*v - 10. Let t be q(-10). Suppose 5*u + 0*u + t = 0. Let w be (-4)/14 + u/(-21). What is the greatest common factor of w and 40?
8
Let q = 10 + 10. Suppose 4*a - 34 = -2*o, -32 - q = -3*o - 5*a. Calculate the highest common divisor of 209 and o.
19
Let f = -85 + 125. Let n = f + -14. Let j = -5 + n. What is the greatest common divisor of j and 7?
7
Let d = 968 - 936. Calculate the highest common factor of d and 112.
16
Suppose -54*c + 56*c + 22 = 2*s, c = -s + 7. Let i = 0 + 3. Calculate the greatest common divisor of s and i.
3
Let q(x) = 4*x**2 - x + 8. Let y be q(-3). Let m be 6/12 - (y/(-2) - -2). What is the highest common divisor of m and 110?
22
Suppose 1108*x - 1082*x = 1950. Suppose a = -a + 30. What is the highest common divisor of x and a?
15
Let b(g) = g. Let c be b(-3). Let x be ((-88)/c)/((-5)/(45/(-2))). Calculate the greatest common factor of 11 and x.
11
Let h = -2276 + 2290. What is the highest common divisor of h and 3962?
14
Let q = 18 + -17. Let d be q - 1/(-2)*(10 - 0). Calculate the highest common divisor of d and 2.
2
Let b = -10 - 24. Let l = 121 - b. Calculate the greatest common factor of l and 62.
31
Let v(r) = -2*r - 4. Let w be v(-3). Suppose -3*s + w*s = -3. Let z(u) = 2*u**2 - 2*u - 1. Let d be z(s). Calculate the greatest common divisor of 1 and d.
1
Suppose -6*s + 145 = -101. Calculate the greatest common factor of 205 and s.
41
Let w be (-4)/(-30) - 792/(-135). Suppose -3*l - w = -15. Let a be -2 + l - (-8 - -2). Calculate the highest common divisor of 1 and a.
1
Suppose 5*s = 2*s + 21. Suppose 4*u = -4*o + s + 1, 19 = 2*o - 3*u. Suppose o*f - 48 = f. Calculate the highest common factor of 8 and f.
4
Let u(i) = i**2 + 11*i + 40. Let r be u(-6). Suppose 392 = 3*f + 62. Calculate the greatest common factor of r and f.
10
Suppose -2*p + 11 = k, 0 = 2*k - 2 - 4. Let f be (10/(-4))/(7/(-266)). Let h = -63 + f. Calculate the highest common factor of h and p.
4
Let i be 5/10 - 190/(-4). Let n be -1*31 - (14 + -18). Let w = i + n. Calculate the greatest common divisor of 231 and w.
21
Let j(y) = -10*y + 209. Let b be j(20). Calculate the highest common divisor of b and 81.
9
Suppose -21*k + 15848 + 77644 = 0. Calculate the highest common divisor of k and 84.
84
Let z(t) = -17 + 2*t - 3*t + 24. Let v be z(-21). Calculate the greatest common divisor of 70 and v.
14
Let s(y) be the first derivative of -y**2/2 + 25*y + 17. Let u be s(11). Calculate the greatest common factor of 126 and u.
14
Let s be (-34)/(-10) + 5 + (-2)/5. Calculate the greatest common divisor of 8 and s.
8
Let b = 93 - 45. Suppose -4*r + b = 5*j, 0*r - 38 = -4*j - 3*r. Calculate the greatest common factor of 24 and j.
8
Let g be ((-3)/2 - 0)*(7 + -43). Suppose -3*f + x = 2*f - 94, 0 = f + 2*x - 10. What is the greatest common factor of g and f?
18
Suppose 0 = -6*t + 19 - 1. Let o be (2 - -3)*(-6)/(-2). Calculate the highest common divisor of o and t.
3
Let q = 16 - -4. Suppose -4*l = l + q. Let k be (-6)/l + (-2)/4. What is the highest common divisor of k and 9?
1
Suppose 27*t - 25 = 22*t. Suppose -64 = -t*p - 3*d, 0 = 3*p - 0*p + 3*d - 42. Calculate the highest common divisor of 55 and p.
11
Let m(h) = h**2 + 3*h - 7. Let b be m(-5). Suppose 2*q + 2 = -18. Let o(w) = -w + 17. Let t be o(q). What is the greatest common factor of b and t?
3
Let k = 278 + -273. What is the greatest common factor of 235 and k?
5
Let i(j) = 2*j**2. Let d be i(1). Let y be (4/4 - 15) + d. Let f = -8 - y. What is the highest common divisor of 20 and f?
4
Let p(b) = -b**3 - 3*b**2 + b - 7. Let d be p(-5). Let v = 74 - d. What is the greatest common factor of v and 24?
12
Let c be 2/3*(-81)/(-18). Suppose -l = 5*u + 4, c*u - 4 = -3*l + 4*u. Let f(h) = 2*h - 3. Let g be f(6). Calculate the greatest common factor of l and g.
1
Let g be (7/(-4))/((-55)/220). What is the greatest common factor of 77 and g?
7
Suppose 16*h - 321 = -107 + 138. Let g(y) = -19*y - 2. Suppose -2*j - p = -0*p + 7, -5*j + p = 14. Let l be g(j). What is the greatest common factor of l and h?
11
Suppose 34 = -2*j - 44. Let l = -23 - j. Calculate the highest common factor of 16 and l.
16
Suppose 4*k - 3*z + 34 = 0, 5*k + 35 + 9 = 3*z. Let w be 4/10 - (-1)/k*-6. What is the greatest common divisor of w and 10?
1
Let r be (256/(-8))/8 - 1*-40. Calculate the highest common factor of r and 24.
12
Let u = -1549 + 1725. What is the highest common factor of u and 110?
22
Let x(i) = -2*i**3 + i**2 - i + 1. Let l(k) = -k + 11. Let c be l(13). Let d be x(c). What is the greatest common factor of d and 69?
23
Let l be -4 + 1 + (-20)/(-2). Let y(x) = 4*x**2 + 30*x + 9. Let r be y(-9). What is the greatest common divisor of r and l?
7
Suppose 0*r + 3*f = -5*r + 69, r = -f + 13. Let g = 500 - 485. Calculate the highest common factor of g and r.
15
Let y = 713 - 709. Let t = 236 - 136. Suppose y*a - t = -a. What is the highest common divisor of 30 and a?
10
Let f = 25 - -100. What is the greatest common divisor of 25 and f?
25
Suppose 2*p + 48 = 232. Let q = -19 + 22. Suppose 3 - 15 = q*o, 2*k - p = 5*o. What is the greatest common factor of k and 54?
18
Suppose d + 3*o - 165 = 0, 0 = d + 4*d - o - 745. Suppose 56*s - d = 55*s. Calculate the highest common factor of s and 30.
30
Let t be -2 - (-5 - 4*49) - 4. What is the greatest common divisor of 156 and t?
39
Suppose 0 = -14*x + 933 + 1377. What is the highest common factor of x and 220?
55
Let u = 63 + -58. What is the highest common divisor of u and 5?
5
Suppose 0 = 252*i - 261*i + 360. What is the highest common divisor of i and 215?
5
Suppose -2*k - 70 = -9*k. Let q(j) = j**3 + 0*j + 3 + 1 - 10*j**2 + 5*j. Let d be q(k). What is the greatest common divisor of d and 9?
9
Suppose -5*p = 5*d - 360, -6*d + 2*d + 215 = 3*p. Suppose -4*k - 193 = 2*f - 551, -5*f = -k + p. Calculate the greatest common factor of 11 and k.
11
Suppose w = 22 + 2. Suppose 0 = 4*b - 3*b. Suppose b*a - 2*a + w = 0. Calculate the highest common factor of 84 and a.
12
Let q be (-10)/6 + 4544/192. What is the highest common factor of 1342 and q?
22
Suppose -z - 38 + 13 = 0. Let b = 7 - z. Calculate the highest common divisor of 48 and b.
16
Let z = 61 - 44. Let f = -12 + z. What is the greatest common factor of f and 25?
5
Let q = 14 - -8. Let c = 75 - 6. Let m = 113 - c. What is the greatest common divisor of q and m?
22
Let d(c) = 76*c**2 - 4. Let g be d(-3). Suppose -j = 4*j - g. Let p be (-195)/117*51/(-5). Calculate the highest common divisor of j and p.
17
Let l(f) = -284*f**2 + 10*f - 10. Let a be l(7). Let b be (-2)/9 + a/(-144). Suppose 0 = 2*x - 6*x + b. Calculate the greatest common divisor of x and 12.
12
Let p(w) be the second derivative of w**5/20 - w**4/2 + 2*w**3/3 - 3*w**2/2 - 2*w. Let n be p(6). Calculate the highest common factor of n and 231.
21
Let v be -3042*(-1 - 6/(-9)). What is the highest common factor of 78 and v?
78
Let a = 60 - 53. Calculate the greatest common divisor of a and 161.
7
Suppose -2*q + 6*q = 12. Suppose 0*g + q*g = 42. Calculate the highest common factor of 35 and g.
7
Let z = 182 - 132. Calculate the highest common factor of z and 90.
10
Let q = 100 - 60. Let g(x) = 824*x. Let d be g(-1). Let t be d/(-52) - (-6)/39. What is the greatest common divisor of t and q?
8
Let p(l) = -29*l - 25. Let c be p(-20). Calculate th